, 3, 7, 37
What are the prime factors of 650?
2, 5, 13
What are the prime factors of 42068?
2, 13, 809
List the prime factors of 87333.
3, 43, 677
What are the prime factors of 2400?
2, 3, 5
List the prime factors of 7821.
3, 11, 79
List the prime factors of 5131.
7, 733
List the prime factors of 5.
5
What are the prime factors of 235?
5, 47
What are the prime factors of 589?
19, 31
What are the prime factors of 905?
5, 181
What are the prime factors of 20548?
2, 11, 467
List the prime factors of 59982.
2, 3, 13, 769
List the prime factors of 3212.
2, 11, 73
What are the prime factors of 20403?
3, 2267
What are the prime factors of 57?
3, 19
List the prime factors of 49703.
23, 2161
List the prime factors of 1597.
1597
List the prime factors of 97076.
2, 7, 3467
What are the prime factors of 3070?
2, 5, 307
List the prime factors of 16584.
2, 3, 691
What are the prime factors of 2445?
3, 5, 163
List the prime factors of 2748.
2, 3, 229
List the prime factors of 13960.
2, 5, 349
What are the prime factors of 13099?
13099
What are the prime factors of 10642?
2, 17, 313
What are the prime factors of 3176?
2, 397
What are the prime factors of 471?
3, 157
What are the prime factors of 168?
2, 3, 7
List the prime factors of 2284.
2, 571
List the prime factors of 48820.
2, 5, 2441
List the prime factors of 238.
2, 7, 17
List the prime factors of 174209.
7, 41, 607
List the prime factors of 1439.
1439
What are the prime factors of 39196?
2, 41, 239
List the prime factors of 2880.
2, 3, 5
List the prime factors of 168495.
3, 5, 47, 239
What are the prime factors of 2626?
2, 13, 101
List the prime factors of 2999.
2999
List the prime factors of 583.
11, 53
List the prime factors of 1021.
1021
What are the prime factors of 57096?
2, 3, 13, 61
List the prime factors of 18496.
2, 17
What are the prime factors of 1603?
7, 229
List the prime factors of 11.
11
What are the prime factors of 14712?
2, 3, 613
List the prime factors of 8837.
8837
List the prime factors of 37883.
43, 881
What are the prime factors of 1165?
5, 233
List the prime factors of 1478.
2, 739
What are the prime factors of 1714?
2, 857
List the prime factors of 1172.
2, 293
List the prime factors of 1698.
2, 3, 283
List the prime factors of 4406.
2, 2203
List the prime factors of 2287.
2287
List the prime factors of 54324.
2, 3, 503
List the prime factors of 18966.
2, 3, 29, 109
What are the prime factors of 581?
7, 83
What are the prime factors of 5439?
3, 7, 37
What are the prime factors of 3043?
17, 179
What are the prime factors of 22131?
3, 2459
What are the prime factors of 27715?
5, 23, 241
List the prime factors of 645.
3, 5, 43
What are the prime factors of 203308?
2, 7, 53, 137
What are the prime factors of 86471?
7, 11, 1123
What are the prime factors of 4722?
2, 3, 787
List the prime factors of 4559.
47, 97
List the prime factors of 3065.
5, 613
What are the prime factors of 3179?
11, 17
List the prime factors of 3778.
2, 1889
What are the prime factors of 4797?
3, 13, 41
What are the prime factors of 1197?
3, 7, 19
List the prime factors of 2388.
2, 3, 199
List the prime factors of 2645.
5, 23
List the prime factors of 12679.
31, 409
List the prime factors of 12440.
2, 5, 311
List the prime factors of 224.
2, 7
What are the prime factors of 751?
751
What are the prime factors of 1130?
2, 5, 113
What are the prime factors of 6705?
3, 5, 149
List the prime factors of 965.
5, 193
What are the prime factors of 80974?
2, 40487
What are the prime factors of 17534?
2, 11, 797
What are the prime factors of 162250?
2, 5, 11, 59
What are the prime factors of 803?
11, 73
What are the prime factors of 15814?
2, 7907
List the prime factors of 3672.
2, 3, 17
List the prime factors of 1083.
3, 19
List the prime factors of 3707.
11, 337
What are the prime factors of 1679?
23, 73
List the prime factors of 6396.
2, 3, 13, 41
List the prime factors of 2409.
3, 11, 73
List the prime factors of 30313.
30313
What are the prime factors of 1137?
3, 379
List the prime factors of 2345.
5, 7, 67
List the prime factors of 18154.
2, 29, 313
What are the prime factors of 10090?
2, 5, 1009
List the prime factors of 14349.
3, 4783
What are the prime factors of 1663?
1663
What are the prime factors of 2473?
2473
What are the prime factors of 37?
37
What are the prime factors of 163?
163
What are the prime factors of 2486?
2, 11, 113
List the prime factors of 33265.
5, 6653
List the prime factors of 12720.
2, 3, 5, 53
What are the prime factors of 84593?
29, 2917
What are the prime factors of 3967?
3967
What are the prime factors of 31816?
2, 41, 97
List the prime factors of 18126.
2, 3, 19, 53
List the prime factors of 160.
2, 5
What are the prime factors of 5167?
5167
What are the prime factors of 9446?
2, 4723
List the prime factors of 13608.
2, 3, 7
List the prime factors of 7782.
2, 3, 1297
List the prime factors of 12040.
2, 5, 7, 43
List the prime factors of 2790.
2, 3, 5, 31
List the prime factors of 3073.
7, 439
List the prime factors of 6392.
2, 17, 47
List the prime factors of 844.
2, 211
List the prime factors of 33888.
2, 3, 353
List the prime factors of 115.
5, 23
What are the prime factors of 35491?
35491
List the prime factors of 3456.
2, 3
What are the prime factors of 44837?
13, 3449
What are the prime factors of 53?
53
List the prime factors of 24977.
24977
List the prime factors of 3697.
3697
What are the prime factors of 914?
2, 457
List the prime factors of 6118.
2, 7, 19, 23
List the prime factors of 3726.
2, 3, 23
What are the prime factors of 21582?
2, 3, 11, 109
List the prime factors of 516.
2, 3, 43
What are the prime factors of 50807?
23, 47
List the prime factors of 145714.
2, 41, 1777
List the prime factors of 10807.
101, 107
What are the prime factors of 5267?
23, 229
List the prime factors of 66276.
2, 3, 7, 263
List the prime factors of 53089.
53089
List the prime factors of 18397.
18397
What are the prime factors of 9656?
2, 17, 71
List the prime factors of 122057.
13, 41, 229
What are the prime factors of 5362?
2, 7, 383
What are the prime factors of 101908?
2, 73, 349
List the prime factors of 656.
2, 41
List the prime factors of 14223.
3, 11, 431
What are the prime factors of 8308?
2, 31, 67
List the prime factors of 68633.
68633
What are the prime factors of 273?
3, 7, 13
What are the prime factors of 4179?
3, 7, 199
What are the prime factors of 12845?
5, 7, 367
List the prime factors of 3677.
3677
List the prime factors of 47401.
107, 443
What are the prime factors of 4426?
2, 2213
List the prime factors of 2194.
2, 1097
What are the prime factors of 2407?
29, 83
What are the prime factors of 19185?
3, 5, 1279
What are the prime factors of 30653?
7, 29, 151
What are the prime factors of 2274?
2, 3, 379
What are the prime factors of 62299?
62299
What are the prime factors of 5171?
5171
What are the prime factors of 2270?
2, 5, 227
What are the prime factors of 1409?
1409
What are the prime factors of 17849?
13, 1373
What are the prime factors of 3482?
2, 1741
List the prime factors of 36.
2, 3
List the prime factors of 110051.
110051
List the prime factors of 7764.
2, 3, 647
List the prime factors of 7152.
2, 3, 149
What are the prime factors of 1417?
13, 109
List the prime factors of 24611.
24611
List the prime factors of 17326.
2, 8663
List the prime factors of 7005.
3, 5, 467
What are the prime factors of 15598?
2, 11, 709
List the prime factors of 924.
2, 3, 7, 11
What are the prime factors of 55303?
29, 1907
What are the prime factors of 69392?
2, 4337
List the prime factors of 60449.
60449
What are the prime factors of 100056?
2, 3, 11, 379
List the prime factors of 5440.
2, 5, 17
List the prime factors of 1847.
1847
List the prime factors of 13616.
2, 23, 37
List the prime factors of 1525.
5, 61
What are the prime factors of 2318?
2, 19, 61
List the prime factors of 5962.
2, 11, 271
List the prime factors of 137564.
2, 7, 17
List the prime factors of 2422.
2, 7, 173
List the prime factors of 46404.
2, 3, 1289
What are the prime factors of 88?
2, 11
What are the prime factors of 12232?
2, 11, 139
List the prime factors of 701.
701
List the prime factors of 1100.
2, 5, 11
What are the prime factors of 9856?
2, 7, 11
List the prime factors of 33641.
33641
List t